at is 121113001 - 10?
121112331
In base 9, what is -14 - 348333?
-348347
In base 9, what is -17 - 3734?
-3752
In base 6, what is -155114 - -111?
-155003
In base 15, what is 2832 + 0?
2832
In base 6, what is -33112025 + 0?
-33112025
In base 2, what is 1100110001111 + -11010?
1100101110101
In base 8, what is -7637725 + 2?
-7637723
In base 8, what is -133 + -1027?
-1162
In base 12, what is 35587 - 8?
3557b
In base 9, what is -10 + 383561?
383551
In base 6, what is 350100 - 13?
350043
In base 2, what is 1101011101111100111 - 0?
1101011101111100111
In base 9, what is 72 + 1785?
1867
In base 13, what is a730 + 9?
a739
In base 13, what is 7 + 4835?
483c
In base 2, what is -1011011 + -1010000111010100?
-1010001000101111
In base 4, what is 0 - -22132312?
22132312
In base 7, what is -1462534 - 2?
-1462536
In base 8, what is 0 - 2655322?
-2655322
In base 16, what is 31be + -19?
31a5
In base 13, what is -3b + 48a5?
4867
In base 3, what is 20110002 + 1?
20110010
In base 2, what is 1010 - 111001010111?
-111001001101
In base 16, what is -54c34 - 5?
-54c39
In base 11, what is -4 + -5a17?
-5a20
In base 9, what is 0 + 16584?
16584
In base 11, what is -19 + -a2869?
-a2887
In base 2, what is 100100000 + -11101?
100000011
In base 13, what is -3 - -1055?
1052
In base 10, what is 190 - 4782?
-4592
In base 5, what is 2100 + -100142?
-43042
In base 6, what is 343523 - -44?
344011
In base 5, what is 12444 + 23?
13022
In base 7, what is -2 - -136524?
136522
In base 4, what is 100 - -10123022?
10123122
In base 12, what is -4a4579 + -3?
-4a4580
In base 16, what is -2 - b3860?
-b3862
In base 8, what is 7053 - 0?
7053
In base 7, what is 300 - 6002?
-5402
In base 11, what is 16 + -2365?
-234a
In base 11, what is 6 + 141629?
141634
In base 10, what is 112 + -3188?
-3076
In base 12, what is a03 - -50?
a53
In base 15, what is -49dd6 - -3?
-49dd3
In base 13, what is 5 + -2848?
-2843
In base 13, what is 485 + 462?
917
In base 10, what is -5 - -19827?
19822
In base 11, what is 7804 + -4?
7800
In base 13, what is 797 + 2a4?
a6b
In base 14, what is -1da29 - 12?
-1da3b
In base 10, what is -27753 - -4?
-27749
In base 11, what is -7 + 1163a?
11633
In base 8, what is 32 + -132372?
-132340
In base 8, what is -2647 + 2723?
54
In base 10, what is 3 + 77444?
77447
In base 13, what is -1 - 15839a?
-15839b
In base 3, what is -1222122 + -202?
-2000101
In base 6, what is -2232 - -1?
-2231
In base 5, what is -303 + -21034?
-21342
In base 16, what is -87 + -2948?
-29cf
In base 14, what is b + 335ab?
335b8
In base 15, what is 53 - 87?
-34
In base 14, what is 18 + -7958?
-7940
In base 11, what is 1302 - 103?
11aa
In base 13, what is -2 + 2b08b?
2b089
In base 7, what is 12344546 + 0?
12344546
In base 5, what is 2 + 2213004?
2213011
In base 9, what is -2 + 428180?
428177
In base 2, what is -11110011 + -100?
-11110111
In base 2, what is 1010 - -10101010001011?
10101010010101
In base 10, what is 67921 + -48?
67873
In base 9, what is -27628 - 10?
-27638
In base 11, what is -1 + 17416?
17415
In base 3, what is 12211211012 + -1?
12211211011
In base 12, what is a + 2344b?
23459
In base 15, what is -72 - -5?
-6c
In base 15, what is 192 - 38?
159
In base 9, what is 1 - -3672?
3673
In base 5, what is 12 + 3413433?
3414000
In base 2, what is -10011111 - 1110000?
-100001111
In base 4, what is 11 - -110231213?
110231230
In base 5, what is 13 - 22021?
-22003
In base 5, what is 3 - -210112410?
210112413
In base 9, what is -6 - -1238?
1232
In base 6, what is 20 - 120225?
-120205
In base 13, what is 48a41 + -2?
48a3c
In base 8, what is -26 + 177725?
177677
In base 16, what is 8 - -169?
171
In base 2, what is -100001111110100 - -100011?
-100001111010001
In base 11, what is -255 + -331?
-586
In base 3, what is 121012010 + 111?
121012121
In base 10, what is -2 + -5517?
-5519
In base 10, what is -169 - 344?
-513
In base 13, what is -8 - 3b9a3?
-3b9ab
In base 11, what is -5 - 10380?
-10385
In base 15, what is 9877 - 8?
986e
In base 8, what is 2 + -636?
-634
In base 2, what is 1001 - 1001110000?
-1001100111
In base 3, what is -1002 - -10021?
2012
In base 14, what is 2855d - -4?
28563
In base 12, what is 68b3 - -305?
6bb8
In base 3, what is -1 - -22121102?
22121101
In base 10, what is 6 + -106375?
-106369
In base 14, what is 0 + d8d?
d8d
In base 2, what is 111101 + -101000011111?
-100111100010
In base 6, what is -203 + 122?
-41
In base 12, what is 25 + -314b9?
-31494
In base 15, what is 2 + -26e0?
-26dd
In base 5, what is -331 - 144102?
-144433
In base 9, what is -4 - -204838?
204834
In base 12, what is -8 + -117aa7?
-117ab3
In base 7, what is 3 - -44535?
44541
In base 9, what is 614 - -23?
637
In base 4, what is -1032 - -10131?
3033
In base 15, what is -24 + 1349?
1325
In base 8, what is -4 + -505000?
-505004
In base 5, what is 242 + 4243?
10040
In base 12, what is 1 - 231b?
-231a
In base 9, what is -5 + -884116?
-884122
In base 13, what is -4 - 2b7646?
-2b764a
In base 8, what is 0 - -20334?
20334
In base 2, what is 1000000 + 1000010101100?
1000011101100
In base 3, what is 100111201 - -1?
100111202
In base 6, what is 44223514 + -3?
44223511
In base 15, what is b + 184e?
185a
In base 12, what is 1 - 211011?
-211010
In base 14, what is -10 - -b21b?
b20b
In base 9, what is 4 - 1560?
-1555
In base 10, what is -5 + -103528?
-103533
In base 5, what is 222 + 104323?
110100
In base 4, what is 100303123 - -2?
100303131
In base 11, what is 960 - 102?
859
In base 14, what is 93 - 10b1d?
-10a6a
In base 6, what is -4513442 - 3?
-4513445
In base 15, what is -d8 - 115?
-1ed
In base 16, what is 3 + -178c37?
-178c34
In base 4, what is 1021 - 2001012?
-1333331
In base 3, what is 12021120 - -110112?
12202002
In base 6, what is 44101 - 40?
44021
In base 5, what is -110012212 - 1?
-110012213
In base 3, what is 21 - 111011001011?
-111011000220
In base 13, what is -11114 - -11?
-11103
In base 5, what is 224 + 1014?
1243
In base 11, what is -9 - 54a9?
-5507
In base 10, what is -35 + 8600?
8565
In base 16, what is 0 + -302e?
-302e
In base 8, what is -3061625 + -3?
-3061630
In base 16, what is -13 + 498?
485
In base 15, what is -19e23 + -19?
-19e3c
In base 6, what is -2441034 - -20?
-2441014
In base 9, what is 16128 + -1?
16127
In base 2, what is -11110 + 10100100000111?
10100011101001
In base 11, what is -66 - -a00a?
9a54
In base 15, what is -1 - 2dba?
-2dbb
In base 13, what is 5 - -143a3?
143a8
In base 2, what is 1001110101111010 - -1011?
1001110110000101
In base 9, what is -5515 - -15?
-5500
In base 10, what is 896 - -54?
950
In base 3, what is 11 + 2011010101?
2011010112
In base 5, what is 3 - -234114?
234122
In base 16, what is -5 - -17ec?
17e7
In base 8, what is 501323 + -2?
501321
In base 7, what is 1343014 - -3?
1343020
In base 3, what is 1002 + -12000?
-10221
In base 6, what is 3 + 542024?
542031
In base 9, what is 113 + 28683?
28806
In base 16, what is a + d22?
d2c
In base 10, what is 4093 - 40?
4053
In base 10, what is -31 - -1144?
1113
In base 13, what is -631 - -1a1?
-460
In base 13, what is -c29 - 8?
-c34
In base 8, what is 24455 - 2?
24453
In base 12, what is 30265 + -5?
30260
In base 9, what is 864728 + 2?
864731
In base 2, what is 10001010 + 1101011101?
1111100111
In base 9, what is 10 + 26226?
26236
In base 7, what is -313 - 6620?
-10233
In base 13, what is -2 - 6776?
-6778
In base 5, what is 10 + 111431?
111441
In base 2, what is 10100001110 - -110010?
10101000000
In base 4, what is -2021333 - 23?
-2022022
In base 3, what is 10120 - -2?
10122
In base 16, what is -2 + -1131?
-1133
In base 15, what is 1 + -6583?
-6582
In base 11, what is -1a0668 - -5?
-1a0663
In base 13, what is -1a + -431b?
-4338
In base 10, what is -252 - 578?
-830
In base 8, what is 3 + 50633?
50636
In base 10, what is 103396 - -19?
103415
In base 11, what is 5 - 171444?
-17143a
In base 13, what is -299 - -b?
-28b
In base 14, what is -46 - -768?
722
In base 2, what is 1101110 - -10101110010?
10111100000
In base 10, what is -12409 - -4?
-12405
In base 9, what is -6 + 3187?
3181
In base 14, what is -5 - -3739?
3734
In base 5, what is -4 + 100023000?
100022441
In base 13, what is -302 + -1?
-303
In base 5, what is 1244130403 - 10?
1244130343
In base 11, what is -4a523 + 21?
-4a502
In base 9, what is 3221 + -15?
3205
In base 9, what is 4540 + -54?
4475
In base